 1608*z - 1389. What is the hundreds digit of d(28)?
6
Suppose 20184 = 3*o + 2*p, -4*p = -14 + 2. What is the units digit of o?
6
Let g = 16850 + -11204. What is the units digit of g?
6
Let j be ((-5)/(-15))/((-2)/(-708)). Let t be (490/(-140))/(2/(-28) - 0). Let a = j - t. What is the units digit of a?
9
Suppose 27*p = 22*p - 5*b + 77350, 4*p = 3*b + 61894. What is the hundreds digit of p?
4
Suppose -p - 2*m + 8621 = 0, 21*p - 3*m = 16*p + 43092. What is the units digit of p?
9
Suppose 12*s + 134942 = 332186. What is the thousands digit of s?
6
Let v(q) = 76566*q**2 - 37*q - 17. What is the hundreds digit of v(-1)?
5
Let w(i) = -3791*i + 1972. What is the tens digit of w(-3)?
4
Suppose -2*k + 0*i + 5*i = -148, -k + 2*i + 72 = 0. Let r = 68 - k. Suppose -4*z = r*z - 24. What is the units digit of z?
3
What is the thousands digit of ((-10287)/(-1905))/((-2)/(-2920))?
7
Suppose 11*k + 248 = 10*k. Let x be (-9)/15 + k/(-5). Suppose -179 = -2*o - x. What is the units digit of o?
5
Let a = -315 - -708. Let t = 2100 - a. What is the units digit of t?
7
What is the thousands digit of (158840/33)/((-6)/(-9))?
7
Suppose 0*y + 7*y - 700 = 0. Let h be (y/(-3))/(2/(-9)). Suppose -22*u + 20*u + h = 0. What is the units digit of u?
5
Let u(n) = 130*n + 24. Let r be u(18). Suppose 78*v - r = 74*v. Suppose -2*b + 2*z + 238 = 0, -5*b + 0*z = -3*z - v. What is the hundreds digit of b?
1
Let s = 623 - -4475. What is the units digit of s?
8
Suppose 1682471 = 128*r + 63271. What is the ten thousands digit of r?
1
Let g(w) = 3*w + 8. Let q be g(5). Let h = -22 + q. What is the units digit of (-3 - 6)*(h + -10)?
1
Suppose -2*k + 199 - 15 = 0. Suppose -19*m - 617 - 48 = 0. Let i = m + k. What is the units digit of i?
7
Let x = -4235 - -11732. What is the tens digit of x?
9
Suppose -102 = 4*a - 7*a. Suppose -32*n + a*n = 878. What is the hundreds digit of n?
4
Let t be -3 + 344/6 + 10/15. Let x = 57 - t. Suppose x*s = 181 + 39. What is the units digit of s?
0
What is the hundreds digit of 36/(-81) - ((-28848)/27 + 1)?
0
What is the units digit of 6*(-11 - (-2387)/66)?
1
Let f be 10466/(-4)*-12 + 0 + 2. What is the tens digit of 5/(-2)*f/(-250)?
1
Let u(a) = -2*a**3 - 113*a**2 - 41*a - 2. What is the units digit of u(-57)?
4
Suppose 3*x = 5*t + 2*x + 4, -4*x + 16 = 0. Suppose -b - 4 = t, -a - 3*b = -2*a - 42. What is the tens digit of (a/4)/((-3)/16)?
7
Let z(x) = 36*x - 9. Let a = 41 + -37. Suppose -15 = 5*g - 5*t, -3*t + 4 = -a*g - 3. What is the units digit of z(g)?
3
Let j(g) = -1160*g - 950. What is the thousands digit of j(-15)?
6
Let u = -17 + 15. Let c be u/(28/(-42) - (-14)/12). Let j(s) = -11*s - 1. What is the units digit of j(c)?
3
Suppose 2*s + s - 2118 = 0. Let i = s - 342. What is the hundreds digit of i?
3
Let g(t) = -t + 1 - 1484*t**2 + 0*t + 0*t + 1843*t**2. What is the tens digit of g(1)?
5
Let k(b) = 6*b + 45. Let m be k(-7). Suppose m*h + 32 = 7*h. What is the units digit of 2/h - (4 - 379/4)?
1
Let f be 6254/3 - (-14)/42. Suppose -9*r - f = -11715. What is the thousands digit of r?
1
Let k(a) = -a**3 + 45*a**2 + 120*a - 89. Let h be 8/12*3/2*47. What is the units digit of k(h)?
3
Let h be (1 - 1) + 0 + (-275)/(-55). Suppose 6*u - 1069 = -2*l + 7*u, h*l - 2660 = 5*u. What is the tens digit of l?
3
Suppose -20*p = -26*p + 60. Let u(f) = 5*f**3 - 42*f**2 + 11*f + 13. What is the hundreds digit of u(p)?
9
Let h = 326 + -321. Suppose 0 = h*b + 5*y - 0*y - 1165, 0 = -3*b + 3*y + 699. What is the hundreds digit of b?
2
Let z = -316 - -320. Let m(d) = -d**3 - 3*d**2 + d + 1. Let u be m(-3). What is the tens digit of (4/u)/(z/(-178))?
8
Let p(o) = 5*o**2 + 12*o - 12. Let r(a) = -22 - 1 + 3*a**2 + 0*a**2 - 16*a - 4*a**2. Let f be r(-14). What is the hundreds digit of p(f)?
1
Suppose 0*d - 3*d - f + 129 = 0, -35 = -d - 3*f. Let q = d + -44. Suppose 3*m - 2*v - 74 = q, 0 = 5*m - m - 3*v - 98. What is the units digit of m?
6
Suppose -23*y - 36 = -27*y. Suppose -5*q - 30 = -m, q = -m + y + 27. What is the units digit of m?
5
Suppose -14*a + 779 = -11*a + 2*y, 1297 = 5*a + 4*y. Suppose -7*z - a + 1535 = 0. What is the hundreds digit of z?
1
Let q = 49130 - 24727. What is the ten thousands digit of q?
2
Let v = 6704 - 4714. Suppose -3*y + v = s, -y + 2836 + 3118 = 3*s. What is the units digit of s?
4
Suppose -18*f - 3977 = -15*f - j, 5*f + 3*j + 6619 = 0. Let s = -720 - f. What is the tens digit of s?
0
Let j be (3 + 17/(-2))*(705 - -9). What is the tens digit of j/(-5) + (-26)/65?
8
What is the ten thousands digit of 178/(-5)*-10*(-12)/(-24)*181?
3
Let r(u) = 359*u**2 - 3*u + 12. What is the tens digit of r(-6)?
5
Let h = 1884 + 2643. What is the hundreds digit of h?
5
Suppose -13604 = -p - 2*f, -4*f = -22*p + 26*p - 54400. What is the thousands digit of p?
3
Let p(v) = 246*v**2 - 6*v + 1. Let q be p(5). Suppose -q = -6*d - 1033. What is the hundreds digit of d?
8
Suppose -s = -2*s. Suppose s = 5*f - 10*f + 20. Suppose 4*x + 0*x = -f*i + 8, 5*i - 10 = -x. What is the units digit of i?
2
Suppose 3*x - 130 = 2*p, 4*x - 2*p - 176 = 2*p. Suppose -x*y = -72*y + 21240. What is the hundreds digit of y?
7
Suppose n = 2*r - 33 - 36, -2*r = -5*n - 41. Let c = 68 - 48. Let z = c + r. What is the units digit of z?
8
Let h be (1444/114)/((-5)/(-3) - 1). Suppose 0 = -h*n + 12*n + 5663. What is the hundreds digit of n?
8
What is the units digit of 6 - ((-2)/(-25) + (-9406040)/500)?
8
Let u(i) = i**3 + i + 2. Let v be u(0). Let a(j) = 19*j + 382. Let c be a(-20). Suppose v*h - 4*h = -c. What is the units digit of h?
1
Let a be (-93)/((-4)/(104/(-3))). Let i = a - -1749. What is the tens digit of i?
4
Suppose -41*s + 58172 + 279296 = -58428. What is the tens digit of s?
5
Suppose 6*b - 20119 = 19463. Suppose -14*x + b = 227. What is the units digit of x?
5
Suppose g - 8 = -g. Suppose -4*z - g*x + x + 149 = 0, -5*x + 33 = z. Suppose 32*l + 756 = z*l. What is the hundreds digit of l?
1
Let c = -8 - -10. Let f(r) = 9*r**2 - 4*r - 6*r**c + 13 + 10*r**2 + 20*r + r**3. What is the tens digit of f(-11)?
7
Let q = 128 - 118. What is the hundreds digit of (3/(-21))/(q/(-24290))?
3
Let d(k) be the second derivative of -3*k**4/4 + k**3 + 19*k**2/2 + 18*k. Let u be d(7). Let n = u - -626. What is the tens digit of n?
4
Suppose -1659 = -h + 4*w, 4*w - 3354 = -2*h + 6*w. What is the thousands digit of h?
1
Let t(z) = 26*z + 6. Let w be t(1). Let f(d) = 3*d**2 - 60*d - 139. What is the hundreds digit of f(w)?
0
Let y be (-8696)/18 + 8/72. What is the thousands digit of (42/9)/((-2)/y)?
1
Let i(d) = -139*d + 5674. What is the ten thousands digit of i(-125)?
2
Let a(m) = 2*m**2 - m + 4. Suppose -11*p = -10*p + 49. Let b = p + 53. What is the tens digit of a(b)?
3
Let y(o) = 2 + o - 15 - 7. Let w be y(7). What is the units digit of 12/(-24) - w/2?
6
Let b(i) = 9 + 14*i + 0*i - 27 - 7*i**2 + 6*i**2. Let c be b(12). Suppose -4*j - 4*l = -176, 0 = -l - 2*l + c. What is the tens digit of j?
4
Suppose -x - 5*s + 9382 = 0, -2*x - 4*s = -3*s - 18746. What is the units digit of x?
2
Suppose -37*b + 29712 = -18*b - 18*b. What is the thousands digit of b?
9
Suppose 5*j - 4*p = 117222, -28*j + 26*j + 4*p + 46872 = 0. What is the units digit of j?
0
Suppose -3*b - 3*n = -12, 47*b = 46*b + 2*n - 2. Suppose 2*k = -20 + 24, -b*y - 4*k = -2200. What is the hundreds digit of y?
0
Suppose 0*x = -6*x. Suppose x = -22*t + 29*t - 2317. What is the units digit of t?
1
Let t = 2054 + -730. Suppose -4*l + 3*f + 2541 = -63, 2*l + 4*f = t. What is the hundreds digit of l?
6
Suppose 4*l - 54 = 2*m, 0*l + 4*m = -2*l + 12. Let c be (3/2)/(l/(-128)). What is the units digit of (-804)/(-8) - 2*4/c?
1
Suppose -2*x + 5*q + 6 + 2 = 0, 3*x - 2*q = 34. Let y(z) = z - 9. Let i be y(x). Suppose -245 = -5*p + i. What is the units digit of p?
0
Let x be 234/27 + -1 - 2/3. Let f(a) = -22 - 29 + 7*a + 4*a + x. What is the tens digit of f(10)?
6
Let d(i) = -34*i**2 + 1. Let l be d(1). Suppose -16*p = -2*p - 126. Let m = p - l. What is the tens digit of m?
4
Let l(x) = -x**3 + 12*x**2 - 17*x + 12. Suppose -4*s = -2*u - s + 1, u + 7 = 3*s. What is the hundreds digit of l(u)?
1
Let d = 20264 + -13586. What is the hundreds digit of d?
6
Suppose 5*j + 85 = 60. Let v be ((-1)/3)/(j/30). Suppose 0 = 3*d - v*d - 75. What is the tens digit of